tive of 0*c + 3*c**2 + 4/3*c**3 - 4 + 1/24*c**4. Let h(u) be the second derivative of w(u). Calculate h(-6).
2
Let q(r) = -r - 8. Suppose -4*j = -2*w + 4, 0 = 2*w + 2*j - 3 - 1. Suppose -w*a + 30 - 44 = 0. Calculate q(a).
-1
Suppose 0 = -7*h + 6*h + 39. Let s = h + -39. Let m(g) = g**3 - g**2 + 1. Let i be m(s). Let t(y) = -14*y + 1. Give t(i).
-13
Let s be 1/(((-2)/3)/((-30)/15)). Let f(a) be the first derivative of 4*a - 3*a**2 - 3 + 1/3*a**s. Calculate f(4).
-4
Let q(i) = 3 + 6*i**2 - i**3 + 3*i + 0*i**3 - 17*i + 8*i. Give q(5).
-2
Let g(r) = -2*r + 4. Let a be 2/2*6 - 2. Let j(y) = -y - 3*y**3 - 3*y - 4*y**2 + 0 - 2 + a*y**3. Let d be j(5). What is g(d)?
-2
Let n(j) = 30*j**2 + 21*j + 28. Let r(y) = 6*y**2 + 4*y + 5. Let d(w) = 2*n(w) - 11*r(w). Determine d(1).
-7
Let k(w) = 8*w - 3*w - w + 0*w. Let u be (-102)/(-9) - (-4)/6. Let x be (-3)/u - (-13)/4. Determine k(x).
12
Let n(d) = 2*d**2 - d + 12. Let l(o) = -o**2 - 6. Let p(r) = -9*l(r) - 4*n(r). Let a(i) = 4*i + 28. Let w be a(-8). Calculate p(w).
6
Let m(i) = -i**3 + 16*i**2 + 17*i + 10. Let v be m(17). Let h = v + -11. Let t(x) = 8*x**2 + x. What is t(h)?
7
Let j(x) = -31*x**2 + 4. Let q(u) = 36*u**2 - 4. Let w(h) = -7*j(h) - 6*q(h). Determine w(3).
5
Suppose 93 = -0*d + 2*d - m, -2*m = -3*d + 140. Let o = -14 + d. Let c be o/(-20) + (-4)/10. Let z(t) = 6*t. Determine z(c).
-12
Let f(p) = 2 + 4*p - 3 + 4. Let y = 363 + -156. Suppose -199 = -4*i - y. What is f(i)?
-5
Let o(c) = 5*c**2 - 14*c + 17. Let t(k) = -9*k**2 + 27*k - 33. Let p(u) = -11*o(u) - 6*t(u). Suppose 13*d = 8*d - 3*x - 59, -5*d - 4*x = 62. What is p(d)?
-9
Let f be 3/6 - 6/(-4). Let u(y) = 0*y**3 + 2 + 2*y + 0*y**3 - y**3 + f*y**3 + 4*y**2. Suppose 3*m - 8 = 7*m. Calculate u(m).
6
Let d = 15 + -6. Suppose 2*l + 23 = d. Let j(m) = m**3 + 6*m**2 - 8*m - 9. What is j(l)?
-2
Let c(n) = -n**2 - 6*n + 5. Suppose -v + 16 = 3*b, -12 = 2*v - 5*b - 0. Suppose v = 3*i + 22. What is c(i)?
5
Let y(f) be the third derivative of 0 + 2*f**3 + 5*f**2 - 2*f + 1/8*f**4. Determine y(-8).
-12
Let l = 97 - 31. Let c(f) = -f + 66 - l. Let n be c(0). Let u(j) = -j**2 + j - 1. What is u(n)?
-1
Let y(w) = w**3 + 7*w**2 + 6*w - 4. Let p be (-88)/11 - (-1 - 0 - 1). Give y(p).
-4
Let g(h) = -17*h**2 + 41*h + 55. Let k(x) = 3*x**2 - 8*x - 11. Let c(o) = 2*g(o) + 11*k(o). Determine c(-6).
-11
Let f(g) = g**3 - 8*g**2 + 6*g + 4. Let y(n) = -n**3 + n**2 + 4. Let d be y(0). Suppose -d*x - 5*t + 43 = 0, x - 4*x - 4*t + 33 = 0. Calculate f(x).
-3
Suppose 5*f + 7 - 1 = 3*z, -z + 2 = -5*f. Suppose -3*w = -z*w + 9. Let k be w/((-27)/24) + -3. Let s(b) = 2*b - 5. Give s(k).
5
Let m be (-14)/(-49) + 33/7. Let g = m - 3. Let w(z) = g*z + 3*z - 6*z + 2*z + 4. Give w(5).
9
Suppose 0 = -2*s + d, -2*s + 27 = 3*d + 11. Let y(u) = 2*u**2 - 5*u**2 - 3*u**s - 4 + 5*u**2. Let q be (0 + 0)/(2/(-2)). Give y(q).
-4
Let m(w) = 12 - 5*w - 14 + 3*w + 6. What is m(7)?
-10
Let t(l) = -l**2 + l. Suppose 4 = 4*u + 5*z - 5, -15 = -5*u - 5*z. Suppose -u*s + 11*s = 120. Let m = 22 - s. Calculate t(m).
-6
Let p(a) = -3*a + 35. Let o = -94 + 108. Give p(o).
-7
Let y be 92/22 - ((-24)/33)/(-4). Let h(v) = -y*v + 3*v**2 - v - v**2 - v**2. What is h(5)?
0
Suppose -21 = -13*s + 6*s. Let a(x) be the second derivative of 5*x**3/6 + 3*x**2/2 + 22*x + 2. Calculate a(s).
18
Let x be ((-3)/(-2))/(3 - 75/30). Let p(y) = -1. Let s(j) = -j**3 + 4*j**2 - 4*j + 5. Let h(v) = -5*p(v) - s(v). Calculate h(x).
3
Let k(j) = 0 + 0 + 1 - 2*j + j**2. Let g be (-6)/10 + (-112)/(-20). Suppose 0 = g*s + 7*s - 36. What is k(s)?
4
Suppose -4*x - 21 = -33. Let l(t) be the second derivative of -3 - 3*t + 1 + 2 + t**2 - t**3. Determine l(x).
-16
Let y(g) = g - 2. Let j(p) = p**2 + p - 1. Let r be j(1). Let z(w) be the first derivative of w**2/2 + w + 48. Let v(s) = r*z(s) + y(s). Calculate v(-3).
-7
Let r(s) be the second derivative of -s**5/20 - 7*s**4/12 - 5*s**3/6 - 5*s**2/2 - 3440*s. Suppose 0 = 5*x + 21 + 9. Give r(x).
-11
Let s(m) = -3*m - 1. Let y(h) = -h + 1. Let r(p) = -2*s(p) + 5*y(p). What is r(-4)?
3
Let k(i) = -2*i - 15. Let x = 369 - 374. Determine k(x).
-5
Let r(s) = -12 - s**2 + 10*s + 0*s**2 + s. Let u be r(10). Let f(w) = -2*w**3 + w**2 + w + 1. What is f(u)?
19
Let o(p) = -p - 9. Let l(m) = 19*m + 6. Let a be l(-4). Let z be (-20)/a - (0 + (-2)/(-7)). What is o(z)?
-9
Let x(b) = b**3 + 3*b**2 + b. Let a(y) = -169*y**2 - 1 + 8*y + 179*y**2 - 4*y**3 + 7*y**3 - 4*y. Let i(m) = -2*a(m) + 7*x(m). Give i(0).
2
Let v(h) be the first derivative of h**3/3 + 6*h**2 + 16*h + 13. Let j(a) be the first derivative of v(a). What is j(-8)?
-4
Let l(c) = 6*c + 6. Let n(i) = -i + 2. Let w(d) = l(d) - 3*n(d). Calculate w(-3).
-27
Suppose 0 = -2*t + 2. Let w(l) = -l - 1. Let n(q) = 3*q - 6*q + 3 + 3*q + 2*q. Let c(h) = n(h) + 4*w(h). Give c(t).
-3
Let c be -2*(-2 - 6/(-4)). Let o be 1 + c - (-21 - -17). Let u(i) = -i**2 + 5*i - 2. Calculate u(o).
-8
Let a(v) = -v**3 - 11*v**2 + 28*v + 19. Let y(t) = 6*t + 137. Let b be y(-25). Calculate a(b).
-7
Let o = -621 - -610. Let g(b) = b**2 + 12*b + 10. What is g(o)?
-1
Let z(l) = 8*l - 7*l + 5 + 13 - 11. What is z(-9)?
-2
Let p(d) = -d + 1. Let t(v) be the second derivative of v**4/12 + 3*v**3/2 + 4*v**2 - 8*v. Let r be t(-6). Let n = r + 10. What is p(n)?
1
Let z(n) be the second derivative of 0 - 1/6*n**3 + 41*n + n**2. Calculate z(3).
-1
Let n(i) = 3. Let j(y) be the first derivative of y**2/2 + 2*y + 2. Let g(f) = j(f) + n(f). Suppose -18 = -5*d - 3*o, 0 = d + 5*o + 11 + 3. Give g(d).
11
Let j(s) be the first derivative of 3 - 5*s - 1/4*s**4 + 0*s**2 - 2*s**3. Let h = -8 - -2. Determine j(h).
-5
Let w(m) = 5*m - 1. Suppose 2*n + 0*j = 4*j - 10, -3*j = -6. What is w(n)?
-6
Let w(r) be the second derivative of -11*r**5/20 + r**3/3 - r**2/2 + 42*r + 2. Let n = -2 - -3. What is w(n)?
-10
Let q(o) be the first derivative of o**4/4 - 2*o**3/3 - o**2/2 + o - 6. Let t be ((-4)/6)/(7/(-21)). Give q(t).
-1
Let b(g) = -74*g**3 - 13*g**2 - 13*g + 11. Let t(l) = 35*l**3 + 6*l**2 + 6*l - 5. Let y(s) = 6*b(s) + 13*t(s). What is y(1)?
12
Let q(o) = 10*o + 13. Let v be q(0). Let p(c) = -c**2 + 15*c + 7. Determine p(v).
33
Suppose a + 4*t - 28 = 0, -a - 3*t + 19 + 8 = 0. Let u(d) = -5 - 7 + a*d - 23*d + d**3 + 0. Determine u(0).
-12
Let a(n) = 112*n + 5 + 6*n**2 - 119*n - n**3 + 2*n**3. What is a(-7)?
5
Let d(y) = -y**2 - 11*y - 18. Let s(a) = -13*a**2 + 6*a + 9. Let h be s(-1). What is d(h)?
-8
Let k = 42 - 47. Let g(p) = -5*p**2 + 7*p - 2. Let o(w) = 4*w**2 - 6*w + 2. Let u(v) = k*g(v) - 6*o(v). Calculate u(-3).
4
Let u(y) = -y**2 + 8*y - 7. Let p(c) be the first derivative of c**3/3 - 4*c**2 + 8*c - 7. Let m(s) = 2*p(s) + 3*u(s). Calculate m(6).
7
Let y(u) be the third derivative of u**6/120 + u**5/20 - u**4/3 - 3*u**3/2 - 269*u**2. Calculate y(-4).
7
Let m(f) = 9*f - 5*f**2 + 10*f**3 + f**2 - 4*f**2 + 5 - 11*f**3. Let d be (-1079)/117 + (-4)/(-18). What is m(d)?
5
Let d(c) = -c. Let n(t) = -8*t**2 - 4*t - 1. Let o(r) = -6*d(r) + n(r). Determine o(1).
-7
Let v be 4 + (-4 - -4 - 10). Let w be (v + 6)*1/2. Let z(c) = 2*c**2 + 13*c + 25. Let o(m) = m**2 + 7*m + 13. Let h(y) = -11*o(y) + 6*z(y). Calculate h(w).
7
Let j(u) = -u + 1. Let f(z) = 4*z - 4. Suppose -4*g = g + 20, -3*p - 3*g = 39. Let o(l) = p*j(l) - 2*f(l). Give o(-7).
-8
Let i be (-11)/3 + -5*8/(-60). Let s(v) = -v**2 - 1. Calculate s(i).
-10
Let s(c) = c**3 + c**2 - 2*c + 2. Let w be s(0). Suppose -w*r + 34 = 48. Let k(f) = f**2 + 3*f - 7. Determine k(r).
21
Let q(r) = 5*r + 15. Let c(l) = 5*l - 4. Let o(j) = -j. Let t(a) = -c(a) - 6*o(a). Let d(p) = 4*q(p) - 15*t(p). Calculate d(-3).
-15
Let t(x) = 7*x**2 - 15*x + 3. Let v(p) = 5*p**2 - 14*p + 3. Let h(q) = 3*t(q) - 4*v(q). Calculate h(-10).
-13
Let g(y) = 2*y**2 + 14*y - 16. Suppose 2*d = -d - 39. Let v(c) = -c**2 - 7*c + 8. Let m(r) = d*v(r) - 6*g(r). Let a be ((-4)/(-8))/(3/(-36)). What is m(a)?
-14
Let i(o) = o**2 - 8*o + 17. Suppose 43*b = 25*b + 72. Give i(b).
1
Let z(a) be the second derivative of a**3/6 + 3*a**2/2 - 116*a. Calculate z(-6).
-3
Let x(v) be the third derivative of 0*v + 0 + 2/3*v**3 + 1/24*v**4 + 4*v**2. Let m = 6 + -12. Calculate x(m).
-2
Let b(k) be the first derivative of -k**3/3 + 13*k**2/2 - 20*k - 622. What is b(11)?
2
Let l(j) be the second 